4*r - 2*w - 56 = -6. What is the highest common factor of 36 and r?
12
Let f be (3/((-15)/(-5)))/(-1) + 53. What is the greatest common divisor of f and 260?
52
Suppose 13*u + 128 = 17*u. What is the highest common factor of u and 8?
8
Suppose q + 8 = 3*q, -3*f - 4*q = -328. Let x = -8 + 21. Calculate the greatest common divisor of f and x.
13
Let g(x) = x**2 + 10*x + 11. Let r be g(-11). Calculate the highest common divisor of r and 11.
11
Let v(j) = -2*j - 6. Let y be v(-4). Suppose -u + 3 = -0. Suppose -u*f + y*f + 18 = 0. Calculate the greatest common divisor of 12 and f.
6
Let d be -5*(-2 - ((-1)/(-1) - 0)). What is the greatest common factor of 60 and d?
15
Suppose -318 = -3*k + 4*p, p - 14 = -k + 99. Suppose -n = 5*g - 1, 5*n = g - 5*g + k. Let v = 34 + n. What is the highest common divisor of 24 and v?
12
Suppose -9 - 41 = -5*b. What is the highest common factor of b and 70?
10
Let f = -6 + 22. What is the highest common factor of f and 80?
16
Suppose -24 = -4*o + 32. Suppose 7*y + 160 = 5*c + 2*y, 0 = 4*c + 2*y - 104. Calculate the highest common factor of o and c.
14
Suppose 0 = -4*o + 42 + 6. What is the highest common factor of 12 and o?
12
Let s = 3 - 8. Let k = 8 + s. Suppose k*b = -b + 80. Calculate the greatest common divisor of b and 8.
4
Let x = -152 + 165. Calculate the highest common divisor of x and 2.
1
Let h(i) = -i**3 + i**2 - i + 12. Let g be h(0). Calculate the highest common factor of g and 60.
12
Let m be (-2)/((-6)/3) - 97. Let k be (-1)/(2/3)*m. What is the greatest common factor of k and 16?
16
Let w(p) = -p**2 + 7*p + 14. Let s be w(8). Let j be (-58)/(-2) + 4/4. What is the highest common factor of s and j?
6
Let d(t) = -t**2 + 35*t + 34. Let b be d(33). What is the greatest common factor of 50 and b?
50
Suppose 0*y - 13 = 3*y + 5*w, -2*y - 4*w - 12 = 0. What is the highest common factor of 36 and y?
4
Let p(a) = -57*a + 3. Let v be p(-1). Calculate the greatest common divisor of 20 and v.
20
Suppose -7*j + 90 + 43 = 0. Calculate the highest common factor of 247 and j.
19
Suppose 19*g - 17*g = 3*q - 77, 2*q - 3*g - 48 = 0. Calculate the greatest common factor of q and 243.
27
Let t(m) = 2*m**3 - 26*m**2 + 2*m - 19. Let o be t(13). Calculate the greatest common factor of o and 28.
7
Suppose 3*p + 75 = -198. Let j be (-1)/(-3)*-127*3. Let h = p - j. Calculate the highest common factor of h and 4.
4
Suppose -3*k - k = 0, -5*y = k - 60. Calculate the greatest common factor of y and 12.
12
Suppose 0 = 5*f + 2 - 12, 5*k - 20 = 5*f. What is the greatest common factor of k and 2?
2
Suppose -5*z = -2*p + 2, -z = -5*p + 1 + 27. Calculate the highest common divisor of 6 and p.
6
Let y(m) = 35*m - 1. Let n = -2 + 3. Let l be y(n). Suppose -5*k + 5*b = -400, -4*b + 179 + 181 = 4*k. Calculate the highest common factor of l and k.
17
Let g(i) be the third derivative of i**4/24 + 2*i**3 + 3*i**2. Let m be g(-8). What is the highest common factor of m and 8?
4
Let v be (-18)/(-12) + -1 + 22/4. Let j(r) = 55*r**2 - r. Let g be j(1). What is the greatest common factor of v and g?
6
Let l be (-2)/5 + 22/5. Let i be (-4)/3*3/(-1). Suppose i*u + 0*m = 2*m + 92, -5*m - 80 = -l*u. What is the highest common factor of u and 5?
5
Let x(f) = -f**2 - 5*f. Let g be x(-5). Suppose g = -4*j - 0*j + 104. Calculate the greatest common factor of j and 39.
13
Let r(y) = -y**3 + 13*y**2 + 15*y - 11. Let j be r(14). Calculate the highest common divisor of j and 27.
3
Let z be 2/(-11) - (-4212)/297. What is the greatest common divisor of z and 2?
2
Let k be (-2)/(0 + 2/(-4)). Suppose d + k = 19. Calculate the highest common factor of d and 105.
15
Let p be ((-114)/(-8))/((-6)/(-16)). Let k = p + 10. What is the greatest common divisor of k and 16?
16
Suppose -2*x + 210 = 3*x. Calculate the highest common divisor of x and 28.
14
Let s(p) = 177*p**2 + p. Let k be s(-1). Suppose 0*d + 4*d = k. Calculate the greatest common factor of 22 and d.
22
Suppose 29 = -2*y + 109. Let c(x) = x**2 - 12*x + 16. Let o be c(12). Calculate the greatest common factor of o and y.
8
Suppose 3*u = 5*v - 28 + 719, 4*u = -v + 929. Calculate the highest common divisor of u and 29.
29
Let u be 23 - (-4)/(-1 + 5). Let x = u + -9. What is the greatest common factor of x and 3?
3
Let m(t) = -7*t - 5. Let k be m(-2). Let x(y) = -22*y - 3. Let p be x(-3). Calculate the greatest common divisor of p and k.
9
Let i(s) = 8*s - 74. Let r be i(10). Let v be (-5 + 2)/(-3)*48. Calculate the highest common divisor of v and r.
6
Suppose -d + 70 = -2*c, c = 2*d - 95 - 45. What is the greatest common divisor of 10 and d?
10
Suppose 136 = 2*l - 4*y, -l + 3*y = 5*y - 76. Calculate the highest common divisor of 9 and l.
9
Suppose -21 - 1 = -11*l. What is the greatest common divisor of l and 8?
2
Let d be (-2 - (-86)/(-3))*-3. Suppose 7 = 4*s - 85. Calculate the greatest common factor of d and s.
23
Let k be -1 + 0 - (-4 - -1). Suppose 4*m = 3*m + 10. Calculate the greatest common factor of k and m.
2
Suppose 8 = 5*o + 93. Let w = -10 - o. What is the highest common divisor of 28 and w?
7
Let p = -50 + 104. Calculate the greatest common factor of 6 and p.
6
Let n = -582 - -286. Let o be (n/(-12))/((-2)/(-3)). Suppose -5*y - o + 107 = 0. Calculate the highest common factor of 126 and y.
14
Let n(w) = w**2 - 2*w. Let h be n(-2). Let x be (2 + -6)*(-78)/h. Calculate the highest common factor of 13 and x.
13
Suppose -5*y + 486 = -2*u, 3*y + 2*u + 7 = 289. What is the greatest common factor of 36 and y?
12
Suppose -4*v + 40 + 24 = 0. Calculate the greatest common factor of 144 and v.
16
Let r(b) = -b + 11. Let s be r(10). Let t = -4 + 6. Suppose t = i - 1. Calculate the greatest common factor of i and s.
1
Let m be 26 + -15 - (-2 - -1 - 0). What is the greatest common divisor of 84 and m?
12
Let w(l) = l - 1. Let g(d) = 53*d + 3. Let c(z) = -g(z) - 6*w(z). Let r be c(-3). What is the highest common factor of 20 and r?
20
Suppose -3*v = v - 56. Let g = 154 + -98. What is the greatest common divisor of g and v?
14
Suppose 3*b = 4*a - 31, -a - a = -4*b - 28. Let k(o) = -o**3 + 5*o**2 - 3*o + 2. Let t be k(4). What is the highest common divisor of a and t?
2
Suppose 0 = -c + 5*c - 56. Suppose 13*j - 412 = 862. What is the highest common factor of j and c?
14
Let m be 4 - 12/4 - -1. Suppose 4*d - 1 = 4*f + 11, m*d - f = 7. What is the highest common factor of 1 and d?
1
Let w = -40 + 19. Let y be 2/((2/(-51))/1). Let h = w - y. Calculate the greatest common factor of h and 6.
6
Let z = 11 + -8. Suppose 4*r - 4*c = 28, 0 = r + 5*c + 8 + 15. Suppose -r*y = -5*q + 14, y + q - z*q = -5. Calculate the highest common factor of 9 and y.
3
Let s(h) = 16 - h + 2 + 88 - 16 + h**3 - h**2. Let z be s(0). What is the highest common factor of 10 and z?
10
Let o(f) = f**3 - 13*f**2 + 14*f - 19. Let v be o(12). What is the greatest common factor of v and 5?
5
Suppose 3*c + 11*c = 686. Suppose g = 2*g + 5*o + 8, -4 = -g - o. Calculate the greatest common divisor of c and g.
7
Let y = 1 - -3. Suppose 2*h - 5*s - 8 = -2, 0 = 5*h - y*s - 32. What is the highest common factor of 40 and h?
8
Let c = 28 + -16. Suppose 132 = 5*t + c. Calculate the highest common factor of 48 and t.
24
Let q be (-5)/((-25)/(-55))*-1. Suppose 266 = 3*t - 2*b, -2*b - 3 = b. What is the greatest common divisor of t and q?
11
Let u(j) = -j**3 - 6*j**2 - 10*j - 15. Let x be u(-5). Calculate the highest common factor of 290 and x.
10
Let u(s) = s + 150. Let h be u(-40). Let k(l) = 2*l**2 - 5*l - 2. Let a be k(4). What is the greatest common divisor of a and h?
10
Let f be -2*(-1)/(-4)*-10. Let u = 26 + -11. What is the greatest common divisor of u and f?
5
Suppose -6*j + 2*j = -100. Suppose 2*i - j - 31 = 0. Suppose 2*v - 22 = -h, -h - 4*v + i = -0*v. What is the highest common factor of h and 24?
8
Suppose -4*f = -4*g - 16, -f = 2*f + 3*g - 18. Suppose -f*r = 2*h - 5*h + 16, 3*h - 4*r = 14. What is the greatest common divisor of 16 and h?
2
Let w be 3*3*14/6. Suppose -5*f + 2 = -3*u - 14, -f = -2*u - 6. Suppose f*x + 0 - 14 = 0. What is the greatest common factor of x and w?
7
Let v(q) = -2*q - 2. Let m be v(-2). Let r be (1 + -4)*(-2)/m. Suppose 5*c - r - 31 = -2*o, -24 = -3*c - 3*o. What is the greatest common divisor of 6 and c?
6
Let d be (-3